 - 0) - 3.
-5
What is -1 - -10 - (-15 - -35)?
-11
What is 3 - (-11 - -21) - -8?
1
2 + (4 + -6 - -5) - (1 + 3)
1
Evaluate (-1 - 2) + 16 + -12 + 10.
11
-286 + 269 + (-4 - -2)
-19
What is the value of -19 + 14 + 7 + -6?
-4
Calculate 101 - 100 - (-20 + (6 - 0)).
15
Calculate (2 - 4) + (-27 - -8) - -7.
-14
What is -14 + (-22 - -18) - (1 + -4)?
-15
18 - 9 - -8 - (4 - (-2 - 3))
8
Evaluate -2 - 7 - (-23 + (-5 - -21)).
-2
173 + -180 + (3 - 1) + -8
-13
Evaluate 16 + 1 + 6 + -14 + 4.
13
Evaluate 24 + -45 + 1 + 16.
-4
Evaluate 10 - 2 - (25 + (-2 - 0 - -2)).
-17
What is (-8 - 2) + 6 - (34 - 4)?
-34
What is -37 - -13 - -26 - (-1 + 9)?
-6
Evaluate (7 - 9) + 13 + -2.
9
Calculate -83 + 72 + -5 + 12.
-4
-1 + 3 + -2 + 5 + -32 + 24
-3
5 + 0 - (12 + -5 + -2 + 0)
0
What is the value of 4 + (3 - 8) + 10 + 1?
10
Evaluate (-18 + 57 - 38) + (-2 - (1 - 9)).
7
What is -4 - -24 - 31 - -1?
-10
Evaluate 13 - (-113 + 103 + (8 - 3 - -3)).
15
Evaluate (0 + 2 - 17) + 20 + (-2 - 0).
3
-20 + 35 + 9 - (5 - 0)
19
(-3 - -1 - -12) + -4
6
What is 16 - -2 - (-36 - -47)?
7
Calculate 10 + 6 + -5 - (14 + -22 + -11).
30
What is the value of 32 + -1 + -22 + 4?
13
What is 3 + (25 - (24 - 16))?
20
Evaluate -2 + -1 + -5 + (5 - (18 + -13)).
-8
What is -4 + (0 + (1 - -6) - (1 - 7))?
9
-17 - (-12 - -1 - (16 + -24))
-14
Calculate -1 + -3 - 4 - (0 + -8) - -14.
14
Evaluate (-2 - 0) + (381 - 374).
5
What is 7 - (31 + -16) - (-5 + 2)?
-5
-13 + 0 + -6 + 11 + -18
-26
What is the value of -1 + -35 + (45 - (11 - -21))?
-23
-7 - (0 - -8 - (89 - 69))
5
-24 + (30 - 32 - -5)
-21
Evaluate 4 + 1 - 1 - (-102 + 116).
-10
What is the value of 9 - (19 - 9) - -12?
11
Calculate -20 - -1 - (10 + -4) - (2 + -8).
-19
Evaluate -39 - -77 - (-7 - -60).
-15
What is (10 - 9) + 0 + -12 - -15?
4
What is -3 + (3 - -2 - 8)?
-6
(-191 - -197) + (-1 - -3)
8
(-25 - -22) + (5 + -10 - (0 - 35))
27
Calculate (-27 - (3 + -10)) + (12 - 5).
-13
Calculate -9 + 16 + (11 - 12).
6
What is the value of (46 - (-3 - -26)) + -35?
-12
Evaluate (12 - (-12 + 19) - 3) + 2 + 0.
4
24 + (-42 - -13) - (-7 + -24)
26
What is -3 - -8 - (25 + (17 - 32))?
-5
(5 - -5) + -64 + 66
12
Evaluate 0 + -3 + 0 + (-29 - 0) + 44.
12
Calculate -4 + 15 + 8 + -39.
-20
What is (7 + (-1 - 6) - 6) + 7?
1
What is -9 + 1 - (11 - 7 - 16)?
4
(0 - -1) + -1 + 5 - (4443 - 4466)
28
Evaluate 6 - (6 + -10 + 11 + (0 - 8)).
7
Calculate (-2 - -1 - -3) + (-18 - -15).
-1
What is the value of 4 + (0 + -1 - -2) - (-31 - -28)?
8
(6 + -2 - -5) + -3 - (0 + 16)
-10
Calculate 1 + 6 + (-5 - (-8 + -4)).
14
Calculate -6 + (30 - 3) - 0.
21
What is 2 + (2 - (2 - 2) - 10) + 6?
0
What is (28 - -3) + -35 + (1 - (1 + 5))?
-9
(3 - (-13 - -30)) + 9 + 0
-5
Calculate 10 + (0 + -7 - (-56 - -69)).
-10
(48 - (70 - 10)) + 20 + -1
7
Evaluate 29 + (-31 - -7) + 7 + 5.
17
-20 + 5 + (-14 + 7 + 12 - 4)
-14
0 - 0 - 4 - (14 + -48 + 9)
21
What is (0 - -2) + (-2 - 7) + (-314 - -321)?
0
Evaluate 4 + -8 + (-14 - -21) + -2 + -1.
0
Calculate (-18 - (-10 + (-16 - -19))) + -12.
-23
Evaluate -31 + 13 + 20 - 8.
-6
What is the value of (-6 - 7) + 7 - (-11 + 7 - 25)?
23
2 + -18 + (0 - ((9 - 3) + -9))
-13
What is the value of (0 - 14) + 21 + 9 + -34?
-18
What is 6 - (3 + (-3 - 2) - -2)?
6
Evaluate 7 + -13 + 14 + 0 + 3 + 1.
12
-21 + 20 + -25 - (5 + 0 + 0)
-31
What is the value of -79 - -87 - (1 + -4)?
11
What is (-3 - 8 - -6) + (-5 - -2)?
-8
Calculate 0 + 0 + -3 + (-767 - -755).
-15
What is the value of -14 + (22 - 19) - (-10 - 1)?
0
What is the value of -5 + -9 + 7 + 0 + -1?
-8
Calculate -5 + (4 - -5) - 8.
-4
What is (3 - 8) + 22 + 6 + -10 + -2?
11
What is 3 - (15 - (14 - -13))?
15
((2 - -13) + -16 - -10) + -12 + 0
-3
What is the value of 0 - 8 - (-120 + 119)?
-7
What is 22 + -34 + 10 - ((-3 - 16) + -1)?
18
What is the value of -24 + 1 + (-31 - -30)?
-24
Calculate -15 + -5 + 13 + 6 + -1 + 17.
15
What is the value of 331 + -329 - (-2 + 2 + 11)?
-9
Calculate 19 - (-14 + (3 - (-7 - -1))).
24
What is 2 - (-25 + 31 + 19)?
-23
What is 15 + -10 - -6 - 1?
10
What is the value of 19 - (-30 - (-21 + -17))?
11
What is -9 + -10 - (82 - 73)?
-28
Calculate (96 - 94) + -9 + 37.
30
What is 7 + 2 + (56 - 57)?
8
Calculate 5 + (-1 - (-10 + 8)).
6
Calculate -1 - ((9 - 14) + 8).
-4
What is the value of -23 + 5 + 0 + 0 - (-73 + 66)?
-11
Evaluate 8 + (-16 - (-15 + 3)).
4
What is -42 + 18 - -12 - -12?
0
Evaluate -298 - -295 - (1 + -6 - 1).
3
42 + -70 + (-1 - -21)
-8
Calculate -12 - (9 + 3 + -15).
-9
Evaluate -11 - (-3 - (-15 - -26)).
3
Evaluate (1 - 11) + -238 + 274.
26
Evaluate 97 + -103 - (-2 + 1) - 2 - 1.
-8
What is -6 - (-8 - (2 + 8))?
12
What is 3 + -19 - 8 - -9?
-15
What is the value of (0 - -21) + 4 + -10 - 9?
6
What is (19 + -62 - -11) + 13 + -1?
-20
6 + (19 + -17 - 20)
-12
-2 + 29 + (13 + (-18 - -1) - -3)
26
What is the value of -10 + (-22 + -2 - -23)?
-11
What is the value of 37 - (10 + -10) - (-16 - -32)?
21
-18 - (18 + -16 + -7)
-13
What is -7 - 0 - (-2 + 6) - -2?
-9
Calculate 9 - 1 - -1 - (-14 + 33).
-10
Calculate -4 + (-16 - -1 - -3 - (-24 - -24)).
-16
-3 + (27 - -1) + 0 + 17 + -26
16
0 - 3 - (-13 + -15 - -41)
-16
What is (-20 - -2 - -10 - (11 + -4)) + -6?
-21
What is -35 - (6 - 18) - -41?
18
Evaluate -486 - -504 - (0 + 7).
11
(10 - (20 + -12)) + (-1 - -1)
2
Evaluate -14 - (-7 + 0) - (-3 + 5).
-9
What is 12 - (35 - (13 + -24) - 17)?
-17
Calculate -35 + (43 - (17 - 7)).
-2
What is the value of -1 - -2 - (519 + -526)?
8
What is 13 - (14 - (-4 - 7))?
-12
(8 - (-10 - -16)) + -2 - (1 + 2)
-3
What is 16 - (-8 + 7) - 35?
-18
Calculate (-16 - -32) + -28 + 15 - -8.
11
3 + (4 - (6 + 6))
-5
Evaluate 20 + 15 + -28 + -4.
3
What is the value of 13 + -1 + 4 + -8 - -4?
12
Evaluate -2 + 0 + 0 - (191 + -208).
15
What is -3 - (-38 + (68 - 34))?
1
Calculate (-7 - 4) + 4 - -4 - (2 - 0).
-5
What is (49 - 9) + (-27 - 41)?
-28
What is the value of -3 - (-15 + 21) - (-2 - -2)?
-9
What is the value of 17 + (14 - 6) - 18?
7
Calculate 7 + 0 + 0 + (-47 - -53).
13
Evaluate (134 - 172) + -4 + 9.
-33
Evaluate 2 + -13 - (-5 + (-5 - 8)).
7
Evaluate -7 + (6 - (-10 + 10 + 7)).
-8
What is 8 + -23 - -10 - (-3 + 13)?
-15
What is (4 - 4) + -8 - ((11 - 10) + -8)?
-1
What is the value of -3 - (7 + (0 + 6 - 20))?
4
Calculate (-9 - -21) + -12 - 14.
-14
Calculate (-4 + -2 - 20) + 14.
-12
What is 1 - ((35 - 29) + 3 + -2)?
-6
Evaluate 15 - 14 - 0 - -4.
5
What is (-340 - -348) + 15 + -2?
21
What is (-41 - -41) + 0 + 0?
0
Calculate 0 + 7 - ((218 - 236) + -2 + 23).
4
4 + 11 - 13 - 0 - 23
-21
Calculate (-1 - -2) + -2 + (-23 - (-9 - -6)).
-21
What is 2 - (63 + -55 + -8 + 1)?
1
What is (1 - -9) + -93 + 75?
-8
15 - (4 - (3 - (9 - 4)))
9
Evaluate 4148 + -4151 - (-26 + (0 - 1)).
24
2 + -2 + -7 - (8 + (16 - 18))
-13
What is 8 + 2 + 8 + (-10 - -2) - -5?
15
What is the value of (-358 - -366) + (-5 - -1)?
4
Evaluate (1 - (13 + 2)) + 3.
-11
Evaluate 2 - -3 - 1 - (-11 - -14).
1
Evaluate (-15 - -10) + 11 + -1 + -6.
-1
What is 43 - (-7 - -1 - -25)?
24
Calculate -224 + 244 + -41 + 2.
-19
Calculate 2 + -16 - -21 - 20.
-13
What is (-8 - 2) + -3 + -5?
-18
What is (-10 + 35 - 36) + -19?
-30
Evaluate -3 + 3 + (-2 - -3) + -3 + 6.
4
-6 + (-5 - -17) + (8 - 17)
-3
Evaluate -7 - (-15 + 10 - 7).
5
Calculate (6 - -9 - 5) + -9.
1
What is (4 - 1) + -3 + (-18 - (-8 - 3))?
-7
What is the value of 8 + -18 + 4 + (16 - (0 - -1))?
9
6 + 0 - 11 - (6 + -2) - 6
-15
Evaluate (-23 - ((-7 - 5) + -5)) + -9.
-15
What is the value of (-2046 - -2051) + (2 + 0 + -3 - 11)?
-7
5 - (23 + 3 + -32 + (6 - 0))
5
What is the value of 0 + 23 + -31 + -19?
-27
Calculate (9 - 17) + (6 - (-1 - 2)) + -3.
-2
-7 + 2 - (-5 - -12 - 5 - 1)
-6
Evaluate ((5 - 11) + 20 - -7) + (4 - 7).
18
Calculate 42 - (-34 + 80) - (0 - 2 - -20).
-22
What is the value of (27 - 40 - -50) + -35?
2
What is 6 - (-2 + -10 + 20 - -6)?
-8
Calculate -2 - (8 + -24) - 8.
6
Calculate (-1599 - -1594) + (1 - 18).
-22
(6 + (-6 - -7) - 10) + 11 + -34
-26
What is -15 + (0 - (1 - (6 + 5 + -5)))?
-10
What is -17 + 27 - (3 - 0 - (-11 + 8))?
4
Calculate 4 + -28 - -4 - 1 - -9 - 0.
-12
Calculate 9 + -5 + -10 + 3 + (-4 - -1).
-6
Evaluate (12 - -6 - 0) + -4 + (5 - -1).
20
What is -1 - 2 - (436 + -438)?
-1
0 + (-1 - 2 - -8) + (-22 - -12)
-5
-2 + -1 + -12 - (-160 - -149)
-4
Calculate 1 + (8 - 0) + 130 + -123.
16
(6 + -13 - 0) + 20 - 31
-18
Evaluate 9 - (2 + 14) - -13.
6
Calculate -1 + -8 + 13 + -2